{"id":150,"date":"2025-09-24T10:08:05","date_gmt":"2025-09-24T10:08:05","guid":{"rendered":"https:\/\/ayurveda-balance.com\/?page_id=150"},"modified":"2025-09-24T10:08:06","modified_gmt":"2025-09-24T10:08:06","slug":"terminbuchung","status":"publish","type":"page","link":"https:\/\/ayurveda-balance.com\/start\/terminbuchung\/","title":{"rendered":"Terminbuchung"},"content":{"rendered":"\n<div class=\"wp-block-group alignfull has-tertiary-background-color has-background has-global-padding is-layout-constrained wp-container-core-group-is-layout-7276a2bb wp-block-group-is-layout-constrained\" style=\"margin-top:0;margin-bottom:0;padding-top:var(--wp--preset--spacing--60);padding-right:var(--wp--preset--spacing--30);padding-bottom:var(--wp--preset--spacing--60);padding-left:var(--wp--preset--spacing--30)\">\n<h2 class=\"wp-block-heading has-text-align-center has-large-font-size\">Buche jetzt dein Klarheitsgespr\u00e4ch. <br>Ich freue mich, dich kennenzulernen!<\/h2>\n\n\n\n<p class=\"has-text-align-center\" style=\"margin-top:16px\">Hier buchst du ganz einfach dein kostenloses Erstgespr\u00e4ch mit mir. W\u00e4hle den Termin, der am besten f\u00fcr dich passt. Ich freu mich auf dich!<\/p>\n\n\n\n<script type=\"text\/javascript\" async src=\"https:\/\/static.zcal.co\/embed\/v1\/embed.js\"><\/script>\n<div class=\"zcal-inline-widget\" data-zcal-options='{\"showBackground\":1}'><a href=\"https:\/\/zcal.co\/i\/qltuZvAw\">Klarheitsgespr\u00e4ch (kostenlos) &#8211; Schedule a meeting<\/a><\/div>\n<\/div>\n\n\n\n<div class=\"wp-block-group alignfull has-background-background-color has-background has-global-padding is-layout-constrained wp-container-core-group-is-layout-7276a2bb wp-block-group-is-layout-constrained\" style=\"margin-top:0;margin-bottom:0;padding-top:var(--wp--preset--spacing--60);padding-right:var(--wp--preset--spacing--30);padding-bottom:var(--wp--preset--spacing--60);padding-left:var(--wp--preset--spacing--30)\">\n<h2 class=\"wp-block-heading has-text-align-center has-large-font-size\">Manchmal braucht es nur ein Gespr\u00e4ch, um alles ins Rollen zu bringen.<\/h2>\n\n\n\n<p class=\"has-text-align-center\" style=\"margin-top:16px\">Dein erster Schritt zur\u00fcck in deine Balance beginnt genau hier.<\/p>\n<\/div>\n","protected":false},"excerpt":{"rendered":"<p>Buche jetzt dein Klarheitsgespr\u00e4ch. Ich freue mich, dich kennenzulernen! Hier buchst du ganz einfach dein kostenloses Erstgespr\u00e4ch mit mir. W\u00e4hle den Termin, der am besten f\u00fcr dich passt. Ich freu mich auf dich! Klarheitsgespr\u00e4ch (kostenlos) &#8211; Schedule a meeting Manchmal braucht es nur ein Gespr\u00e4ch, um alles ins Rollen zu bringen. Dein erster Schritt zur\u00fcck [&hellip;]<\/p>\n","protected":false},"author":1,"featured_media":0,"parent":0,"menu_order":0,"comment_status":"closed","ping_status":"closed","template":"no-title","meta":{"om_disable_all_campaigns":false,"_monsterinsights_skip_tracking":false,"_monsterinsights_sitenote_active":false,"_monsterinsights_sitenote_note":"","_monsterinsights_sitenote_category":0,"footnotes":""},"class_list":["post-150","page","type-page","status-publish","hentry"],"aioseo_notices":[],"_links":{"self":[{"href":"https:\/\/ayurveda-balance.com\/start\/wp-json\/wp\/v2\/pages\/150","targetHints":{"allow":["GET"]}}],"collection":[{"href":"https:\/\/ayurveda-balance.com\/start\/wp-json\/wp\/v2\/pages"}],"about":[{"href":"https:\/\/ayurveda-balance.com\/start\/wp-json\/wp\/v2\/types\/page"}],"author":[{"embeddable":true,"href":"https:\/\/ayurveda-balance.com\/start\/wp-json\/wp\/v2\/users\/1"}],"replies":[{"embeddable":true,"href":"https:\/\/ayurveda-balance.com\/start\/wp-json\/wp\/v2\/comments?post=150"}],"version-history":[{"count":11,"href":"https:\/\/ayurveda-balance.com\/start\/wp-json\/wp\/v2\/pages\/150\/revisions"}],"predecessor-version":[{"id":313,"href":"https:\/\/ayurveda-balance.com\/start\/wp-json\/wp\/v2\/pages\/150\/revisions\/313"}],"wp:attachment":[{"href":"https:\/\/ayurveda-balance.com\/start\/wp-json\/wp\/v2\/media?parent=150"}],"curies":[{"name":"wp","href":"https:\/\/api.w.org\/{rel}","templated":true}]}}